mmon factor of 77 and h.
11
Let g = 3993 + -3474. Calculate the greatest common factor of g and 173.
173
Suppose x - 5*j = 6 + 4, -3*x + 40 = -5*j. Suppose -12 = -9*s + x. Suppose s*y - 15 = 39. Calculate the greatest common divisor of y and 45.
9
Let l be (4/2)/(-2) - -22. Let z(t) = -7828*t**3 - 9*t**2 + 7827*t**3 - 8*t - 2 - 2*t. Let b be z(-8). Calculate the highest common factor of l and b.
7
Let g be 18/28*-54 + 20/(-70). Let p be (-480)/g + 9/((-126)/(-4)). Calculate the greatest common divisor of p and 63.
7
Suppose 10*u - 9*u = 2. Let g(w) = -w + 46. Let l be g(-11). Suppose u*m - 97 = y, -5*m + 2*y + 299 - l = 0. Calculate the greatest common divisor of 18 and m.
6
Let v(l) = -15*l + 52. Let c(z) = -18*z + 51. Let n(y) = -4*c(y) + 5*v(y). Let t be n(10). Calculate the greatest common factor of 26 and t.
26
Suppose 3*y - 586 + 337 = 3*q, -5*y = 2*q - 436. Calculate the highest common divisor of 16 and y.
2
Let l = 34 - 20. Let f = -185 + 201. Let j(m) = -9*m + 158. Let d be j(f). Calculate the greatest common divisor of d and l.
14
Let r = 1257 + 183. Calculate the highest common factor of r and 45.
45
Let x = -341 - -368. Suppose -4*j + 8*g - 5*g = -x, -j + 18 = -3*g. Calculate the greatest common factor of 2 and j.
1
Let v(x) = -307*x**3 - 7*x**2 + 18*x + 85. Let c be v(-3). Calculate the highest common divisor of c and 23.
23
Let t be 316/7 - (-3)/(-21). Suppose 0 = -x + 4*c - 8*c + 26, 3*c = -2*x + 57. What is the greatest common factor of x and t?
15
Suppose -98*p - 32*p = -1181180. What is the greatest common factor of 7 and p?
7
Let j = -9073 - -9112. What is the highest common factor of j and 3?
3
Let m = -59 - -59. Let d be 2 + -4 + m + 35. What is the greatest common factor of 264 and d?
33
Let p = 53 - -59. Suppose 22 = -12*y + 23*y. Let a be ((-112)/(-4))/(y/(2 + -1)). Calculate the highest common factor of a and p.
14
Let y be 520/(-12)*(-18)/12*(-2)/(-5). Calculate the highest common divisor of 377 and y.
13
Suppose -104*t - 18 = -105*t - 2*s, -6 = 2*s. Calculate the highest common divisor of t and 5592.
24
Let q = 25 - 17. Suppose -v = -0*v - 6. Let o be (-2)/(-6) - (-526)/v. What is the greatest common divisor of o and q?
8
Let h = 3782 + -3488. Calculate the highest common factor of h and 441.
147
Let c be (-10)/(-3) - 1600/4800. Let n be 1*9 + 2*-1. What is the highest common factor of c and n?
1
Let v = 264 - 238. Suppose -3*y - 3*p + 1851 = 0, v - 1 = 5*p. What is the highest common factor of 68 and y?
68
Suppose 50*a - 49*a + 5*t = 12976, -t - 25908 = -2*a. Calculate the highest common divisor of 164 and a.
164
Suppose 151*u + 28 = 144*u. Let t be 12*u/(-18)*(3 + 0). Let l(p) = 7*p - 2. Let a be l(6). What is the greatest common factor of t and a?
8
Let i be 72/4 + -8 + 6. Suppose 0*d = d - 28. What is the greatest common divisor of d and i?
4
Let o = 2860 - -38. Calculate the greatest common factor of 378 and o.
126
Let k(a) = a**2 + 17*a - 20. Let h be k(-19). Let y(g) = 48*g - 94*g + 3*g**2 + 6 + 51*g. Let d be y(6). Calculate the greatest common divisor of h and d.
18
Suppose -19*q + 15*q = -5*d + 2, 23 = -2*d + 5*q. What is the greatest common divisor of d and 438?
6
Suppose 5*c + 15 = 0, -m + 17 = -4*c - 49. Let b be (-1)/((-3)/(-432)*-2). What is the highest common divisor of b and m?
18
Suppose 175*t - 6 = 177*t. Let b be (-137)/(-1) - (t - -5). Let p(k) = -3*k - 3. Let c be p(-6). What is the greatest common divisor of c and b?
15
Suppose 26 = 2*f - 0*f - 5*i, 19 = f - 4*i. Let v = -269 - -272. Suppose 0*a + 2*s = -v*a + 31, 5*a - 58 = f*s. What is the highest common divisor of a and 88?
11
Suppose -r = 10*r + 1078. Let j = -159 + 84. Let h = j - r. What is the greatest common divisor of h and 184?
23
Let i(u) = -887*u + 11843. Let w be i(0). What is the greatest common divisor of w and 26?
13
Let w be (-4)/36*2 + 2018/9. Suppose -217*t = -w*t + 399. Let q(k) = -4*k + 3. Let m be q(-4). Calculate the highest common divisor of m and t.
19
Suppose -y - 25*d + 19 = -26*d, -2*d = 5*y - 46. Calculate the highest common factor of y and 1820.
4
Suppose 2*m - 2*i - 2*i - 10 = 0, -2 = -m + 3*i. Let x = 62 - m. Calculate the greatest common divisor of x and 510.
51
Let a(v) = 2*v + 48. Let z be a(-28). Let j be z/(-32) + 0 + (-1439)/(-4). Suppose j = -10*g + 19*g. What is the greatest common divisor of 16 and g?
8
Suppose 45 = -3*v + 144. Suppose 0 = -2*i + 569 + 289. What is the greatest common factor of i and v?
33
Suppose 5*y + 8 = 2*c, -c - 5*y + 4 = -7*y. Suppose c*a - 27 = 1. Suppose 11*d + 14 = 12*d. What is the greatest common factor of d and a?
7
Suppose -5*z + 41 = -309. Let t(w) = 7*w**2 + 3*w. Let i be t(3). Suppose i = 5*j + 2. Calculate the greatest common divisor of z and j.
14
Let o(v) = v**3 - 6*v**2 - 3*v. Let b be o(6). Let q be b/(-4) - (-12)/8. Suppose 380*w + 3978 = 419*w. Calculate the highest common divisor of w and q.
6
Let o(c) = c**3 + c**2 - c + 2. Let f be o(0). Let h = -11135 + 11151. Calculate the greatest common divisor of h and f.
2
Suppose -5*v - 3*s + 420 = 0, 4*v + 3*s - 336 = 4*s. Suppose -7*m + 14*m = v. Calculate the greatest common divisor of m and 3.
3
Suppose 0 = 4*y - 1 - 3, 360 = -4*d - 4*y. Let w = -33 - d. Suppose -93 = -p + 3*g, p + 83 = 2*p + 2*g. Calculate the highest common factor of w and p.
29
Let l be (216/(-810))/((-8)/540). Calculate the greatest common factor of 4203 and l.
9
Let q(m) = -41*m - 7. Let i be q(-7). Let f = 106500 + -106484. Calculate the highest common factor of i and f.
8
Suppose 2*t = -5*q + 77, -49 - 160 = -4*t + q. Calculate the greatest common divisor of 3 and t.
3
Let k(d) = -2*d**2 + 168*d - 10 - 312*d + 158*d. Let g be k(4). What is the highest common divisor of 28 and g?
14
Let r be (248/24)/(-1 + (-4)/(-3)). Let c = r - 67. Let l = c + 124. Calculate the greatest common divisor of 8 and l.
8
Suppose -30448 = -1555*k + 1533*k. Calculate the greatest common factor of k and 8.
8
Let a(o) be the first derivative of -o**3/3 - 10*o**2 + 124*o - 12. Let n be a(-24). Let u be (-2)/(-4) + 55/2. What is the greatest common divisor of n and u?
28
Let t(g) = g**2 - 41*g - 579. Let c be t(57). Calculate the greatest common divisor of c and 1221.
111
Let t(l) = l**3 - 6*l**2 + 2*l - 6. Let o be t(6). Let f be (-3)/(-16 + (-1084)/(-68)). Calculate the highest common factor of o and f.
3
Let j = 352 + -348. Suppose -j*y = -14*y + 2600. What is the highest common divisor of 20 and y?
20
Suppose 141654 - 40504 = 5*d + 10*p, p - 60685 = -3*d. What is the greatest common factor of 26 and d?
26
Suppose -208 = -15*k + 92. Calculate the greatest common factor of 20660 and k.
20
Let a = -166 - -255. Suppose 19*x - 260 + a = 0. Calculate the highest common divisor of 117 and x.
9
Let u(v) = 13*v + 20. Let k be u(-1). What is the highest common factor of k and 1561?
7
Let o(h) = -110*h + 35. Let r be o(-11). Suppose 1643 = 4*u - a, -3*u + 0*a + 5*a = -r. Calculate the greatest common factor of u and 10.
10
Let y = -390 + 382. Let z(w) = w**3 + 12*w**2 + 30*w + 40. Let o be z(y). What is the greatest common divisor of o and 8?
8
Suppose 735*c = 277740 + 26550. What is the greatest common divisor of 1127 and c?
23
Suppose -45 = n + 4*s, 4*n + 260 = 5*s - s. Let l = -3066 + 3041. Let j = l - n. What is the greatest common divisor of j and 8?
4
Let t(v) = -52*v**2 + 222*v - 5. Let n(a) = -17*a**2 + 74*a - 2. Let r(p) = -7*n(p) + 2*t(p). Let d be r(7). What is the greatest common factor of 17 and d?
17
Suppose 12*l + 5 = 245. Suppose -52 = -2*p + l. Calculate the greatest common divisor of 162 and p.
18
Let i = 4887 + -4734. What is the greatest common factor of 153 and i?
153
Suppose 106*z = 43*z + 1289232. What is the greatest common factor of z and 16?
16
Suppose j - 10 = z - 157, 0 = 5*z + j - 717. Let f(g) = -159*g - 1685. Let y be f(-11). Calculate the highest common factor of y and z.
16
Suppose 2*c = -0*c + 400. Let f(r) = -r**3 + 13*r**2 - 13*r + 52. Let g be f(12). What is the highest common factor of g and c?
40
Suppose -52*f + 242678 = 49758. What is the greatest common factor of 70 and f?
70
Let r be (-2 + 55/33)/(3/(-864)). Calculate the highest common factor of r and 416.
32
Suppose -2*a - 122 = 2*w - 2, 0 = -5*w - 4*a - 295. Let x be w/(-5) + -7